e prime factors of 362205?
3, 5, 2683
List the prime factors of 1725532.
2, 37, 89, 131
List the prime factors of 16450379.
11, 1495489
What are the prime factors of 189073?
71, 2663
What are the prime factors of 6383575?
5, 11, 139, 167
What are the prime factors of 1364298?
2, 3, 13, 17491
List the prime factors of 272396.
2, 68099
What are the prime factors of 496258?
2, 7, 35447
What are the prime factors of 8418279?
3, 2806093
List the prime factors of 567167.
59, 9613
List the prime factors of 288076.
2, 72019
List the prime factors of 4468959.
3, 11, 41, 367
What are the prime factors of 18588706?
2, 2767, 3359
What are the prime factors of 189166?
2, 94583
List the prime factors of 59091.
3, 19697
List the prime factors of 907722.
2, 3, 211, 239
List the prime factors of 2661618.
2, 3, 443603
What are the prime factors of 3618159?
3, 1206053
What are the prime factors of 7519289?
127, 59207
List the prime factors of 4898579.
7, 99971
What are the prime factors of 1485417?
3, 495139
What are the prime factors of 7876245?
3, 5, 13, 239
What are the prime factors of 656090?
2, 5, 65609
List the prime factors of 743785.
5, 7, 79, 269
List the prime factors of 545272.
2, 7, 13, 107
List the prime factors of 356084.
2, 89021
List the prime factors of 41293.
7, 17, 347
What are the prime factors of 2174703?
3, 724901
List the prime factors of 3109793.
17, 182929
List the prime factors of 1946605.
5, 23, 16927
List the prime factors of 417140.
2, 5, 20857
What are the prime factors of 172213?
172213
List the prime factors of 28248.
2, 3, 11, 107
What are the prime factors of 5346990?
2, 3, 5, 11, 491
List the prime factors of 10839963.
3, 3613321
What are the prime factors of 446730?
2, 3, 5, 14891
What are the prime factors of 302994?
2, 3, 31, 181
List the prime factors of 868175.
5, 7, 11, 41
List the prime factors of 33461907.
3, 19, 587051
List the prime factors of 74915.
5, 14983
List the prime factors of 63578.
2, 83, 383
What are the prime factors of 362596?
2, 13, 19, 367
What are the prime factors of 199182?
2, 3, 89, 373
List the prime factors of 10161699.
3, 17, 23, 8663
List the prime factors of 629128.
2, 19, 4139
What are the prime factors of 4999288?
2, 7, 89273
List the prime factors of 2204482.
2, 7, 53, 2971
List the prime factors of 1473926.
2, 31, 23773
List the prime factors of 8485192.
2, 47, 22567
What are the prime factors of 1023293?
23, 44491
List the prime factors of 33190.
2, 5, 3319
List the prime factors of 210732.
2, 3, 17, 1033
List the prime factors of 283275.
3, 5, 1259
What are the prime factors of 6323563?
311, 20333
What are the prime factors of 319848?
2, 3, 13327
What are the prime factors of 719395?
5, 143879
List the prime factors of 875861.
7, 211, 593
List the prime factors of 456024.
2, 3, 19001
List the prime factors of 11190865.
5, 7, 45677
List the prime factors of 346869.
3, 29, 443
List the prime factors of 21589.
21589
List the prime factors of 6057461.
6057461
What are the prime factors of 52494?
2, 3, 13, 673
List the prime factors of 18927856.
2, 31, 1231
List the prime factors of 20480796.
2, 3, 7, 27091
What are the prime factors of 9225375?
3, 5, 73, 337
List the prime factors of 2086132.
2, 521533
What are the prime factors of 342187?
342187
What are the prime factors of 209435?
5, 41887
What are the prime factors of 1631130?
2, 3, 5, 54371
What are the prime factors of 16164832?
2, 29, 17419
What are the prime factors of 204552?
2, 3, 947
What are the prime factors of 912129?
3, 47, 6469
List the prime factors of 4966684.
2, 313, 3967
What are the prime factors of 2078661?
3, 13, 53299
What are the prime factors of 828527?
7, 118361
List the prime factors of 1522627.
31, 49117
What are the prime factors of 818280?
2, 3, 5, 2273
What are the prime factors of 67053?
3, 7, 31, 103
What are the prime factors of 7098076?
2, 23, 77153
List the prime factors of 4840455.
3, 5, 467, 691
What are the prime factors of 109121?
109121
List the prime factors of 167170.
2, 5, 73, 229
List the prime factors of 5574856.
2, 7, 99551
List the prime factors of 701328.
2, 3, 19, 769
What are the prime factors of 193068?
2, 3, 31, 173
List the prime factors of 1779598.
2, 43, 20693
List the prime factors of 84450.
2, 3, 5, 563
What are the prime factors of 29890278?
2, 3, 11, 150961
List the prime factors of 8598223.
1901, 4523
List the prime factors of 9726526.
2, 4863263
List the prime factors of 202620.
2, 3, 5, 11, 307
What are the prime factors of 46656?
2, 3
List the prime factors of 56831.
17, 3343
List the prime factors of 91298.
2, 191, 239
What are the prime factors of 262717?
7, 13, 2887
What are the prime factors of 61043?
61043
List the prime factors of 512653.
601, 853
What are the prime factors of 1588255?
5, 317651
What are the prime factors of 146905?
5, 11, 2671
What are the prime factors of 602404?
2, 11, 13691
What are the prime factors of 322440?
2, 3, 5, 2687
List the prime factors of 465687.
3, 59, 877
What are the prime factors of 122562?
2, 3, 11, 619
List the prime factors of 2231982.
2, 3, 41333
What are the prime factors of 5238264?
2, 3, 101, 2161
List the prime factors of 36091087.
173, 229, 911
List the prime factors of 617173.
41, 15053
What are the prime factors of 2440800?
2, 3, 5, 113
List the prime factors of 794279.
37, 21467
List the prime factors of 373434.
2, 3, 109, 571
List the prime factors of 354086.
2, 177043
What are the prime factors of 3788542?
2, 1894271
List the prime factors of 251404.
2, 62851
What are the prime factors of 21176168?
2, 13, 203617
What are the prime factors of 13604729?
53, 107, 2399
What are the prime factors of 3008731?
11, 273521
List the prime factors of 3261682.
2, 1630841
List the prime factors of 2512190.
2, 5, 251219
What are the prime factors of 198006?
2, 3, 61, 541
List the prime factors of 67076.
2, 41, 409
What are the prime factors of 1059179?
11, 96289
List the prime factors of 5041975.
5, 41, 4919
What are the prime factors of 258965?
5, 7, 151
List the prime factors of 19338095.
5, 7, 17, 4643
What are the prime factors of 6369451?
11, 439, 1319
What are the prime factors of 1216827?
3, 53, 2551
List the prime factors of 361933.
11, 13, 2531
List the prime factors of 15848.
2, 7, 283
List the prime factors of 493677.
3, 19, 2887
List the prime factors of 4472878.
2, 103, 21713
What are the prime factors of 193082?
2, 29, 3329
List the prime factors of 2448281.
11, 23, 9677
List the prime factors of 3119874.
2, 3, 17, 73, 419
List the prime factors of 923672.
2, 115459
List the prime factors of 14649900.
2, 3, 5, 47, 1039
List the prime factors of 468885.
3, 5, 31259
What are the prime factors of 627447?
3, 199, 1051
List the prime factors of 3158038.
2, 13, 23, 5281
What are the prime factors of 21498544?
2, 521, 2579
What are the prime factors of 106725?
3, 5, 1423
List the prime factors of 12616508.
2, 29, 61, 1783
List the prime factors of 974419.
974419
List the prime factors of 3396083.
197, 17239
What are the prime factors of 2490930?
2, 3, 5, 13, 2129
What are the prime factors of 584637?
3, 23, 37, 229
What are the prime factors of 13154877?
3, 47, 137, 227
List the prime factors of 8558510.
2, 5, 855851
List the prime factors of 8506897.
7, 1215271
List the prime factors of 97726.
2, 131, 373
List the prime factors of 308445.
3, 5, 20563
List the prime factors of 4266356.
2, 359, 2971
What are the prime factors of 276115?
5, 7, 23
What are the prime factors of 7168055?
5, 179, 8009
What are the prime factors of 1309618?
2, 409, 1601
What are the prime factors of 893829?
3, 401, 743
List the prime factors of 220182.
2, 3, 36697
List the prime factors of 1462678.
2, 7, 191, 547
What are the prime factors of 66939?
3, 53, 421
List the prime factors of 17839820.
2, 5, 891991
What are the prime factors of 864826?
2, 432413
What are the prime factors of 8321?
53, 157
What are the prime factors of 5524261?
5524261
What are the prime factors of 3178885?
5, 635777
List the prime factors of 1298167.
13, 99859
What are the prime factors of 1639971?
3, 47, 3877
What are the prime factors of 3682142?
2, 1841071
List the prime factors of 1076777.
13, 113, 733
List the prime factors of 734088.
2, 3, 73, 419
What are the prim